ghest common factor of 30 and s?
30
Let c = 93 + -31. What is the highest common factor of 31 and c?
31
Suppose 3*p = 91 + 80. Calculate the highest common factor of 38 and p.
19
Let d(j) = -143*j + 146*j + 1 - 1. Let p be d(10). Calculate the highest common factor of p and 75.
15
Let d = 30 - 45. Let a be (192/20)/((-3)/d). What is the highest common factor of a and 120?
24
Let m = 50 - 30. What is the highest common factor of m and 180?
20
Suppose 0 = 6*j - 2*j - 496. Suppose 2*w - j = -2*w. What is the greatest common factor of 62 and w?
31
Let i(h) = -11*h - 7. Let m be i(-5). Suppose n + 3*n + 16 = -2*d, -4*n = 3*d + 24. Let t = d - -14. What is the highest common factor of t and m?
6
Let g be ((-4)/(-2) - 5) + 2. Let i be 1 + 0 + g - -16. Calculate the greatest common divisor of i and 8.
8
Suppose 348 = 6*z - 132. What is the greatest common factor of 32 and z?
16
Suppose 29 = 3*g - 25. Let u be -3 + 2 - (-38)/2. What is the highest common factor of u and g?
18
Suppose 2*o + o - 228 = 0. Suppose -11*a + 224 = 15. Calculate the highest common factor of a and o.
19
Suppose 0 = 5*j - 2*j - 2*m - 31, 2*j - 4*m - 18 = 0. Let u = j + -7. Let h = u - -1. Calculate the greatest common divisor of 2 and h.
1
Let j(s) = 6 - s**3 + 0*s**2 + 2*s**3 + 4*s**2. Let n be j(-4). Calculate the greatest common divisor of n and 42.
6
Let t(y) = -y**3 + 7*y**2 - 7*y - 2. Let a be t(5). Calculate the greatest common divisor of a and 221.
13
Let n = 1 - -4. Let c(v) = -v**3 + 8*v**2 - 5*v - 4. Let l be c(7). Calculate the highest common factor of n and l.
5
Suppose 47 + 35 = 3*u + 5*q, -59 = -2*u + q. What is the greatest common divisor of 58 and u?
29
Suppose 5*h = -5*f + 30, -4*h - 17 - 15 = -3*f. What is the highest common divisor of f and 1?
1
Let r = 4 + 1. Suppose d + 0*d = r. What is the highest common divisor of 5 and d?
5
Suppose h + h - 22 = 0. What is the greatest common factor of h and 88?
11
Suppose -4*k = -k + 1041. Let a = 492 + k. What is the highest common divisor of a and 29?
29
Let y be (-4 + 4/3)*-9. Calculate the greatest common divisor of 6 and y.
6
Let o = 60 - -12. Let l be (-1)/(-4) - 62/(-8). Calculate the highest common divisor of l and o.
8
Let s(l) = l**2 + 6*l + 2. Let r be s(-10). Calculate the highest common factor of 63 and r.
21
Let r be (4/6)/(4/6). Let u be -6*(-1 + 5/10). Calculate the highest common divisor of r and u.
1
Let v be 665/5 + 6/(4/(-2)). Calculate the highest common divisor of v and 26.
26
Let n = 111 - 75. Let l = -174 - -264. What is the highest common factor of n and l?
18
Let h = 39 - -41. What is the highest common divisor of h and 16?
16
Let u be (-4)/16*44/(-1). Suppose 4*f + u = 47. What is the highest common factor of f and 99?
9
Let c = -32 + 235. What is the greatest common factor of 29 and c?
29
Let k(f) = -f**2 - 7*f - 2. Let g be k(-4). Suppose -2*x + 0*x + g = 0. Suppose -4*a + x = -115. Calculate the greatest common factor of a and 10.
10
Suppose 5*l - 106 = -6. Calculate the greatest common divisor of 80 and l.
20
Suppose 4*d = 218 + 38. Let h = d + -43. What is the greatest common factor of 3 and h?
3
Suppose -4*l = 5*n - 3 + 14, 0 = -3*n - 9. Let u(z) = 2*z**2 + z - 2. Let w be u(2). What is the greatest common divisor of w and l?
1
Let n = 104 - 82. Calculate the greatest common factor of n and 66.
22
Let o = -2 - -32. Let v be 4/10 + 3618/o. Calculate the greatest common divisor of v and 11.
11
Let a = -10 + 15. Suppose -2*f + 7 = -k, a*f - 4*f - 5*k = 17. Suppose -f*n - 14 = 4*u, 2*u = -2*n - n - 1. Calculate the greatest common divisor of n and 2.
1
Suppose 0*f - 3*f + 66 = 0. Let w = 141 - f. Let y be (-1 - w)*(-1)/1. Calculate the greatest common divisor of 12 and y.
12
Let m(i) = i**2 + 2*i + 1. Let j be m(6). Suppose 4*q = 3 + j. Let o = 29 - q. Calculate the greatest common divisor of 4 and o.
4
Let i be (-2)/8 + 1000/32. What is the greatest common factor of i and 31?
31
Suppose -u + 30 = -6*u. Let k = -3 - u. Suppose 55 = -k*t + 8*t. Calculate the greatest common factor of t and 11.
11
Suppose -4*h - w + 32 = 0, -4*h + 13 + 19 = -w. What is the greatest common divisor of h and 16?
8
Let b be 36/15 - 2/5. Suppose -b*f = 2*f - 352. Suppose 0 = -2*i - 3*i + 40. What is the greatest common divisor of i and f?
8
Suppose y + 1 - 2 = 0. Let u be -3 - (-21 - (-3 + y)). Calculate the highest common divisor of 40 and u.
8
Suppose 2*k = -4*g + g + 54, -4*k = -5*g + 68. Calculate the highest common factor of 64 and g.
16
Let h be 4/18 + 25/9. Suppose 8 = h*k - 40. Let s be 2/(-7) + 898/7. Calculate the highest common divisor of k and s.
16
Let x be (26 + -2 + 1)*1. Let p = x - 12. What is the highest common divisor of 26 and p?
13
Suppose 0*a = -a. Suppose -3*v - v + 20 = a. Let o = 8 - 7. What is the greatest common divisor of v and o?
1
Suppose -3*f = -18 - 9. Suppose h - 2*h = -o - f, 0 = 5*o. Calculate the greatest common divisor of h and 90.
9
Suppose -8 = -7*l + 3*l. Let z be (15/2)/(15/20). Calculate the highest common divisor of l and z.
2
Let v(d) = -2*d**3 - 5*d**2 - 4*d - 3. Let m(s) = -s**2 - s. Let a(x) = 2*m(x) - v(x). Let h be a(3). What is the greatest common factor of 10 and h?
10
Suppose -7 = -3*x + 5. Suppose -43 = -2*n - 11. What is the greatest common factor of x and n?
4
Let s = -1 + 12. Let u(z) be the third derivative of z**5/30 + z**4/24 - z**3/6 + 5*z**2. Let p be u(6). Calculate the greatest common divisor of p and s.
11
Let k(t) = -3*t. Let n be k(-1). What is the greatest common factor of 27 and n?
3
Let p = -32 + 48. Calculate the highest common divisor of 64 and p.
16
Let s be (-4)/(-6) - (-8)/(-3). Let y = s - -3. Suppose n - 11 = -y. Calculate the greatest common divisor of 110 and n.
10
Suppose -5*k = h - 155, h - 36 = -4*k + 87. What is the greatest common divisor of k and 16?
16
Suppose 0 = -3*j + 6*j - 216. Let c = 0 - -43. Let y = c + -34. Calculate the highest common divisor of y and j.
9
Let s(l) be the first derivative of -l**4/4 + 10*l**3/3 - l - 3. Let j be s(9). Calculate the greatest common factor of 16 and j.
16
Let m = 24 - 17. Let y be 1/(-2 + (-9)/(-3)). Let x be (0 + 1 + y)*14. Calculate the greatest common factor of m and x.
7
Let a be (17 + 1 + -3)*(-126)/(-10). What is the greatest common divisor of 21 and a?
21
Let q = -320 + 578. Suppose -74 = -o - q. Let x = 262 + o. What is the highest common factor of 13 and x?
13
Suppose 2*s = -0*s + 60. Let a be ((-10)/(-6))/(5/s). Calculate the highest common divisor of a and 15.
5
Let b = 0 - -4. Suppose 4*o + 5*x - 64 = 0, -2 - 26 = -4*o + b*x. Calculate the highest common divisor of o and 77.
11
Let y(b) = b**3 - b**2 - 3*b + 3. Let s be y(2). Let f be (s + -4)/(6/(-10)). Calculate the greatest common factor of f and 25.
5
Let m(x) = -x**3 - 3*x**2 + 7*x + 5. Let v be m(-5). Let c = 111 - v. What is the highest common divisor of c and 13?
13
Suppose 4*n = 9 - 1. Let f = 21 + -15. What is the greatest common divisor of n and f?
2
Suppose 0 = h - 0 - 6. Suppose -117 = -2*f - 5*g, -4*f + 92 = -2*g - 178. Calculate the greatest common divisor of f and h.
6
Suppose 0 = 2*z - 0*z - 32. What is the highest common factor of 112 and z?
16
Suppose 4*u - k - 3*k + 8 = 0, 5*k = 20. Let d(v) = 4*v - 24. Let q be d(7). What is the greatest common divisor of q and u?
2
Suppose 9 = m + 1. Suppose -5*p + 2*u = -190 - 98, -208 = -4*p - 4*u. What is the greatest common divisor of p and m?
8
Suppose -2*d + 2 + 4 = 0. Suppose d*a = 3 + 51. Suppose 0*p + p - 2 = 0. Calculate the highest common divisor of p and a.
2
Let i = 50 + -39. What is the greatest common factor of 55 and i?
11
Let u(c) = c**2 + 5*c + 4. Let p be u(-3). Let z = 12 + p. What is the greatest common divisor of z and 80?
10
Let x(u) = -u**3 - u**2. Let y be x(0). Suppose y = 2*c - 0*c - 28. Let g be ((-1)/1)/(1/(-35)). What is the highest common divisor of c and g?
7
Let a be (-18)/(-22) + 12/66. Let w be a/(-2)*(-360)/2. What is the greatest common divisor of w and 10?
10
Let g be (-6)/(-9) - 4/(-3). Let x be (-3)/(-6) + (-2)/4. Suppose x*p + p = 16. Calculate the highest common divisor of g and p.
2
Suppose -4 = s, 3*s + 84 = 5*b + 2*s. Let m = 88 + -40. Calculate the highest common factor of b and m.
16
Let y be 4/(-6) - 46/(-6). Calculate the 